(-796)/(-6). Calculate the highest common divisor of a and d.
12
Suppose -5*r - 4*n + 79 = -16, 0 = -5*n + 25. What is the greatest common divisor of r and 25?
5
Let b(i) = -i**2 - 9*i + 7. Let y be b(-4). What is the greatest common divisor of 3 and y?
3
Let h be 7 + 2 - (-1)/1. What is the greatest common divisor of 70 and h?
10
Let r = 17 - 7. Let a be -1 + (2/1 - 1). Suppose -4*o + 5*y + 344 = y, o - 4*y - 74 = a. What is the greatest common divisor of o and r?
10
Suppose 0 = 18*c - 15*c - 72. Let g(r) = r + 3. Let b(p) = -4. Let w(k) = -3*b(k) - 2*g(k). Let y be w(-5). What is the highest common divisor of y and c?
8
Let d(o) = -o**3 + 8*o**2 - 6*o - 8. Let j be d(6). Let u = 27 - -90. Let f = u + -47. What is the greatest common factor of j and f?
14
Let n be 1/(-4) + (-74)/(-8). Let o be 6*(2 + 1)/n. Suppose 5*t - b - 718 = -2*b, o*t = 5*b + 298. What is the highest common factor of t and 16?
16
Let a = 26 + -15. Let r = 13 - a. Calculate the highest common factor of r and 2.
2
Let x(o) = o**2 - 11*o - 20. Let q be x(14). Suppose -q = -2*m - 0. What is the highest common divisor of 88 and m?
11
Let y = 46 - -29. What is the greatest common divisor of 30 and y?
15
Let v = -24 + 36. Calculate the highest common divisor of 132 and v.
12
Let d = 7 - 4. Let k be d - (-5)/(10/6). Suppose -194 = -5*c + 16. What is the greatest common factor of c and k?
6
Let s = -4 + 59. Calculate the greatest common divisor of s and 11.
11
Suppose 0 = -5*k + k + 220. Let v = k - 7. What is the greatest common factor of v and 32?
16
Let x(c) = c**2 + 3*c + 1. Let h be x(-5). Let q(w) = w - 2. Let y be q(3). Calculate the highest common factor of y and h.
1
Suppose 2*y - 2*h + 0*h = -6, 2*h - 3 = 5*y. Suppose -y + 11 = f. Calculate the greatest common factor of 15 and f.
5
Let w = 17 - 11. Calculate the highest common factor of 12 and w.
6
Let s(x) = 7*x - 1. Let c be s(1). Suppose 3*r - 88 = 56. What is the greatest common factor of c and r?
6
Let b = 35 + -5. What is the greatest common factor of b and 20?
10
Let k = 7 - 4. Let a(d) = 3*d + 2*d**3 + 2*d**2 - 3*d. Let v be a(k). Calculate the greatest common factor of 12 and v.
12
Suppose -b + 5*s = 22, -5*b - s - 3*s + 35 = 0. Suppose -b*d - 114 = -5*d. Let q be (d/(-4))/((-9)/24). What is the greatest common divisor of 95 and q?
19
Let n(z) = 12*z**2 - 6*z + 8. Let x be n(4). What is the highest common factor of 22 and x?
22
Suppose -10 = -3*y + g + g, -3*y = g - 13. Calculate the highest common divisor of 12 and y.
4
Suppose -2*q + 4 + 8 = 0. Let x = q + 0. Let m be (36/10)/(x/15). Calculate the greatest common divisor of 3 and m.
3
Suppose 1 = -2*o - 1, -5*o = -5*h + 65. Let n(v) = -v**3 - 9*v**2 - 4*v. Let c be n(-9). Calculate the greatest common divisor of c and h.
12
Suppose -4*z - 245 = 4*f - 1145, 0 = 4*z. Calculate the greatest common factor of f and 25.
25
Let q be (-1)/5 + (-156)/(-30) + -4. Suppose 7*k - 4 = 3*k. Let b(c) = 6*c + 1. Let l be b(k). What is the greatest common divisor of l and q?
1
Suppose 0 = 2*o + 50 + 86. Let v = 10 - o. Let p = -11 - -37. What is the highest common factor of p and v?
26
Let g = 119 + -32. Calculate the greatest common factor of 29 and g.
29
Let q be ((6/(-9))/2)/(3/(-1305)). What is the highest common factor of q and 29?
29
Let m(a) = -9*a + 2. Let x be m(-4). Let b = -3 - 24. Let n = b + x. What is the greatest common divisor of n and 88?
11
Suppose 229 - 40 = 3*x. Let b = -209 - -218. Calculate the greatest common factor of x and b.
9
Let d be (-1)/(-4) - 70/(-8). Suppose 5*m = 22 - 7. Suppose m*v = 7*v - 396. Calculate the greatest common divisor of v and d.
9
Let m be 4/((-4)/(-7)) - -1. Suppose 5*h = 7*h - 10. Let v = h + -3. Calculate the greatest common factor of v and m.
2
Suppose c + 2*c = 54. Let j be 9*8/(-12)*-6. What is the greatest common factor of c and j?
18
Let u(s) be the first derivative of s**3/3 + s**2 - 3*s - 3. Let n be u(-5). Calculate the highest common divisor of 48 and n.
12
Let l = 245 - 200. Calculate the greatest common factor of l and 75.
15
Let w(u) = -3*u - 37. Let j be w(-17). Calculate the greatest common factor of 182 and j.
14
Let i(j) = -2*j**3 + 2*j. Let r be i(-2). Calculate the greatest common divisor of 4 and r.
4
Let o = 14 + 18. Let z(n) = -n**2 + 4. Let p be z(0). Calculate the highest common factor of p and o.
4
Let q(m) = -m - 1. Let b be q(-17). What is the greatest common divisor of b and 32?
16
Let l(m) = 29*m**2 - m. Let d be l(1). What is the greatest common divisor of 196 and d?
28
Let x(j) be the first derivative of -j**2 + 6*j + 3. Let s be x(4). Let z be (-78)/s + (3 - 0). Calculate the greatest common factor of 28 and z.
14
Let c = 13 + 22. Calculate the highest common factor of 14 and c.
7
Let y = 5 + -1. Let h(u) be the first derivative of -u**2/2 - 2*u + 1. Let x be h(-6). Calculate the greatest common factor of y and x.
4
Let o = 9 + -17. Let f = 8 - o. Calculate the greatest common divisor of 128 and f.
16
Let m(a) = a**2 + 11*a + 6. Let u be m(-10). Let c be -189*-1*u/(-12). What is the highest common factor of 21 and c?
21
Suppose -4*y + 10 = 5*s - 0*s, -2*y = -s + 2. Suppose -19 = -s*v + 27. Calculate the highest common factor of v and 46.
23
Let f = -49 + 25. Let a = f + 54. Calculate the highest common factor of 75 and a.
15
Suppose 35 + 43 = -5*p + 4*u, 4*p = 3*u - 62. Let s = 76 + p. Calculate the greatest common divisor of s and 155.
31
Let u = 17 - 7. Suppose -a = -2*x - 22, 5*a = 4*a - 2*x + 2. Let l = 27 - a. What is the highest common divisor of l and u?
5
Suppose 3*f + 3*h - 99 = -0*h, 2*f = -h + 63. Calculate the highest common divisor of 20 and f.
10
Let t(y) = 6*y. Let u be t(2). Suppose 0*g + 2*g = -u. Let c(n) = -n**3 - 4*n**2 - 5*n + 8. Let r be c(g). Calculate the greatest common factor of 10 and r.
10
Let b = 30 - 21. Let x(z) = 2*z**2 + 13*z - 4. Let r be x(-7). What is the highest common divisor of b and r?
3
Let q(n) = -n**3 - 9*n**2 - 8*n - 11. Let j be q(-8). Let c be (j - -10)/(2/(-6)). Calculate the highest common factor of c and 1.
1
Let y(g) = -12*g - 4. Let k be y(-7). Let h be k/15*(-9)/(-4). Suppose 29 = l + 5*n, 5*n + 0*n = -2*l + 53. Calculate the greatest common factor of h and l.
12
Let c(m) = m**3 - m - 3. Let z be c(0). Let v be ((-96)/2)/(z/2). What is the greatest common divisor of v and 8?
8
Suppose -a + 6*a = 165. What is the greatest common factor of a and 132?
33
Let o be (-3 + 1)*-2*6. Suppose 7*x - 2*j - 40 = 4*x, 4*x - 2*j - 52 = 0. Calculate the greatest common divisor of x and o.
12
Let a(n) = n**3 + 12*n**2 - n - 7. Let x be a(-12). Suppose x*m + 20 = 0, 11 = 4*b + m - 13. What is the highest common factor of 56 and b?
7
Let n = 3 + -2. Let w be 11/(-2) - 15/30. Let q be w/(-15) + (-99)/(-15). What is the greatest common divisor of q and n?
1
Let m be (-4 + 4)/(-4) - -18. What is the highest common factor of 18 and m?
18
Suppose 6*z - 7*z = -16. Let n = 48 - z. What is the greatest common divisor of n and 4?
4
Suppose 5*c - 32 = 38. What is the highest common factor of c and 35?
7
Let i = 96 + -50. Calculate the greatest common factor of i and 322.
46
Suppose -5*i - 3*b - 2*b = -65, -i + 13 = -5*b. What is the greatest common divisor of i and 143?
13
Let u be ((-22)/8)/(3/(-12)). Calculate the greatest common divisor of 88 and u.
11
Let p(x) = x**3 - 16*x**2 + 49*x - 7. Let s be p(12). Let q(i) = -i + 55. Let y be q(0). Calculate the highest common divisor of y and s.
5
Let x = 11 - 2. Suppose -5*l = -0*l - 150. Let h be 3/2*l/x. What is the highest common divisor of 15 and h?
5
Let n(j) be the third derivative of 49*j**6/120 - j**5/60 - j**4/24 + j**3/6 - j**2. Let w be n(1). What is the highest common factor of w and 12?
12
Suppose -5*d - 5*l - 1 = -11, -3*d - 4*l = -8. Suppose m + 3*m - 8 = d. Suppose -m*v + 40 = 8. What is the highest common divisor of v and 176?
16
Suppose 0 = q + 2*q. Suppose q = v + 1 - 21. Calculate the highest common divisor of v and 10.
10
Let r(w) = 4*w**2 - 10*w + 3. Let g(z) = -2*z**2 + 5*z - 1. Let f(s) = 5*g(s) + 3*r(s). Let t be f(4). What is the highest common divisor of t and 128?
16
Let n = -21 + 31. Calculate the greatest common divisor of 30 and n.
10
Suppose i - 2 + 0 = -2*z, -4*z = -i + 2. Suppose -i - 1 =